 Let r(k) = -k - 3. Give r(m).
1
Let j(z) = -z**2 + 3*z**3 - 4 - 4*z**2 - 3*z + 2*z + 2*z**3. Let f(h) = 6*h**3 - 6*h**2 - h - 5. Let m(o) = 3*f(o) - 4*j(o). Calculate m(2).
-5
Let u = -28 + 22. Let l(y) = y + 1. Calculate l(u).
-5
Let w(z) = 1 - z - 6*z + 6*z - 2*z. Give w(3).
-8
Let t be -1*(4/(-2) - -1). Let h be 4*(t + (-14)/(-8)). Suppose 3 - h = -2*q. Let x(d) = -d**3 + 5*d**2 - 4*d - 1. Determine x(q).
-1
Let k(y) be the first derivative of y**6/72 + y**5/120 + 2*y**3/3 + 1. Let b(j) be the third derivative of k(j). Give b(-1).
4
Let h(p) = -p**2 + 8*p - 6. Let m be h(7). Let q be (3/9)/m*-3. Let l be (q - 2/(-4))*-4. Let b(u) = u**2 - 2*u + 3. What is b(l)?
3
Suppose -y - 2*y = -21. Let d = y + -8. Let r(x) = 0 - 1 - x + 3*x. Give r(d).
-3
Let v = -10 - -13. Let m(r) = -r**3 + 3*r**2 + r + 3. Let i be m(v). Let y(o) = -o**3 + 7*o**2 - 6*o + 8. Give y(i).
8
Let i(j) be the first derivative of 5*j**2 - j + 36. Suppose -4*n + 4*v + 7 = -17, -3*v = 3*n. Suppose -z + 4 = n*z. Determine i(z).
9
Let s(g) = -2*g. Suppose 0 = -0*l - 5*l + 20. Suppose 0*w = 5*r - 5*w - 10, -l*r + 2*w - 2 = 0. Determine s(r).
6
Let x = 2 + 4. Let j = -7 + -2. Let p(u) = -11*u**3 + u**2 + 17*u + 3. Let n(f) = -5*f**3 + f**2 + 8*f + 2. Let a(l) = j*n(l) + 4*p(l). Calculate a(x).
6
Suppose 8 = 2*z - s, 0*s = 2*z - 5*s - 8. Suppose -3*f = -5*m + 5, 4*f + z*m + 19 = 55. Let t(a) = 2*a - 4. Determine t(f).
6
Let n(i) = 3*i**3 - 23*i**2 - 8*i + 9. Let q(r) = 2*r**3 - 15*r**2 - 5*r + 6. Let v(s) = -5*n(s) + 8*q(s). Give v(4).
-13
Let q(j) = 5*j + 5. Let t be 88/(-33) - (-8)/(-6). What is q(t)?
-15
Let r(o) = o + 12. Let k be r(-7). Let c(w) = -w**2 + 4*w + 7. Determine c(k).
2
Let k(x) = x**2 + 5*x - 3. Let m be k(-5). Let u(i) = 3 - 3*i**3 - 2*i + 4*i**3 - 4*i**3 - 4*i**2 + 2*i**3. What is u(m)?
0
Let c(g) = -g**2 - g + 10. Let b be c(0). Let p(i) = i**2 - 10*i + 4. Let v be p(b). Let s(x) = -x**3 + 5*x**2 - 2*x. What is s(v)?
8
Let b(h) = h**3 - 2*h**2 + 2*h. Let t be b(2). Let u = -21 + 30. Let w(j) = t*j - u*j + 0 + 2. Determine w(2).
-8
Let x(c) be the third derivative of 2*c**2 + 0*c - 7/6*c**3 + 1/12*c**4 + 0. Let m = 1 - -4. Give x(m).
3
Let y(u) be the second derivative of -u**3/2 + u**2 - 8*u. Let w be y(2). Let f(b) = b**3 + 3*b**2 - 6*b - 3. Calculate f(w).
5
Let t(d) = -12*d + 2*d + 7*d + 1 + 4*d. Determine t(-6).
-5
Let h(y) = y**3 + 1. Let q(w) = -8*w**3 + w**2 - w - 6. Let f(o) = 6*h(o) + q(o). Determine f(2).
-14
Let p(r) = -r**2 - 6*r + 4. Let v be p(-6). Let y(n) = -n**3 + 4*n**2 + 2*n - 4. What is y(v)?
4
Let h(k) = 8*k - 33. Let r(o) = -2*o + 8. Let g(i) = -6*h(i) - 26*r(i). What is g(4)?
6
Let b(z) = 3*z - 3. Let k(o) = 6*o - 6. Let w(t) = 11*b(t) - 6*k(t). Calculate w(-4).
15
Suppose 3 = 5*c + 3. Let g(h) be the first derivative of 3 + c*h - 1/2*h**2. Calculate g(5).
-5
Let q(t) = 5*t**2 - 2 - t**3 + 1 - 4*t**2 + 0*t**2 + t. Let s(c) be the first derivative of -5*c**4/4 - 7*c - 1. Let y(l) = 4*q(l) - s(l). Calculate y(-2).
3
Let o be 3/12 - (-26)/(-8). Let y be 0/(0 + (-2 - -3)). Let s(z) = y*z**2 + 2*z**2 + 3 - 3*z**2 - 2*z. Give s(o).
0
Let n = 0 + -1. Let u(r) = 2*r**3 + r**2 - 7*r + 0*r + 8*r. What is u(n)?
-2
Let x(i) = 7*i**2 - 3*i - 4. Let w(y) = -13*y**2 + 5*y + 7. Let u(o) = -6*w(o) - 11*x(o). Suppose -15*n + 4*n = 22. What is u(n)?
0
Let g(i) be the second derivative of i**3/6 - 9*i**2/2 - 2*i. Let s(d) = d. Let z be s(6). Calculate g(z).
-3
Let n = 0 + -7. Let o(g) = g + 3. Determine o(n).
-4
Let o(p) be the first derivative of -p**3/3 + 7*p**2/2 + 4*p + 13. Give o(6).
10
Let h(d) be the second derivative of d**5/20 - 5*d**4/12 + d**3/6 + 3*d**2/2 - 13*d. Give h(4).
-9
Suppose 5*a + 2*n - 70 = 0, -4*n + 14 = -6. Suppose -5*h + a = -h. Let v(t) = -1 + 2*t**2 + 3*t - 3 + t - t**3. Give v(h).
-1
Let q(j) be the third derivative of -j**6/360 + j**5/60 - j**4/12 - 2*j**2. Let c(h) be the second derivative of q(h). Give c(3).
-4
Let z(s) be the second derivative of -s**4/12 - s**3 + 2*s**2 + 8*s. Calculate z(-6).
4
Let w(d) be the second derivative of -2*d**3/3 - d**2 - 16*d. Give w(-3).
10
Let k(t) be the second derivative of t**3/2 - t**2/2 - 7*t. Calculate k(-4).
-13
Let g(u) = u**3 - 5*u**2 + u - 2. Suppose -4 = -6*n + 2*n. Let c = n + 4. Determine g(c).
3
Let a(h) = 4 - 1 + 0 - 3*h. Let w = 8 - 4. Suppose -f + 2*i + 7 = w*i, 3*i = 6. Calculate a(f).
-6
Let y = 5 + -9. Let b(j) be the first derivative of -2 - 1/4*j**4 + 1/2*j**2 - 4/3*j**3 - j. What is b(y)?
-5
Let l be (1*3)/(6/28). Let o be 74/l + 4/(-14). Let r(s) = -3*s**2 + o*s**2 - 3*s**2 + 7*s - 4. Calculate r(5).
6
Let g be 26/(-8) + 2/8. Let o(y) = -4*y - 2. Let k(l) = -l - 1. Let b(c) = 7*k(c) - 2*o(c). Calculate b(g).
-6
Let x = -17 + 9. Let g(l) = -l**3 - 8*l**2 + 9. Determine g(x).
9
Suppose -5*m + 5 = -20. Let s(f) = 2*f**2 - 8*f + 5. Determine s(m).
15
Let u(j) = -18*j - j**2 + 36*j - 16 + 0*j**2 - 19*j. Give u(0).
-16
Let c(h) be the first derivative of -h**6/360 - h**5/60 + h**4/6 - 8*h**3/3 - 5. Let q(z) be the third derivative of c(z). Determine q(-3).
1
Suppose -16*g + 4 = -15*g. Let f(o) be the first derivative of o**4/4 - 5*o**3/3 + 2*o**2 + 3*o + 4. Calculate f(g).
3
Let z(f) = -3*f**2 + 1. Let g be (-1)/(-1) + (-11 - -3). Let u = g - -8. What is z(u)?
-2
Let f(a) be the second derivative of -a**5/20 + a**4/12 + a**3/6 + 3*a**2 - 18*a. Determine f(0).
6
Let g(x) be the third derivative of -x**4/8 - 5*x**3/6 - 4*x**2. Calculate g(-7).
16
Let d(s) = s**3 + 5*s**2 + s - 4. Suppose 4*p + 4 = 0, -5*h - 5*p = -2*h + 20. Determine d(h).
-9
Let f(m) = -m - 2. Suppose 7 = 3*c + 1. Suppose u - c*u - 4 = 0. Calculate f(u).
2
Let l(q) = -q**3 + q**2 + q - 1. Let i(r) = 6*r**3 - 2*r**2 - 2*r + 2. Let x be (-4)/(-8) + 1/2. Let z(n) = x*i(n) + 2*l(n). Determine z(1).
4
Let o(t) = -t**3 + 2*t**2 + 5*t - 3. Let u(f) = -2*f + 6. Let a be u(4). Let m(p) = -5*p**3 + 7*p**2 + 21*p - 13. Let k(w) = a*m(w) + 9*o(w). What is k(-3)?
-1
Let h = -1 + -4. Let s be 2 + 2/(-3 - h). Let t(p) = -3*p**3 + 4*p**3 - 1 + 0 - 2*p**2. Determine t(s).
8
Let x be (-1 - 1) + 3 + 0. Let u(v) = -v**3 + 4*v**2 - 2*v + 1. Let l be u(3). Let r(d) = 2 + 1 - 4 + l*d**2 + d. Determine r(x).
4
Let v(n) be the third derivative of -n**5/60 + n**4/8 + 5*n**3/6 - 23*n**2. Let r(o) = -o**3 - 2*o**2 - 4. Let y be r(-3). Determine v(y).
-5
Let t(k) = -8 + 0 - k + 2. Suppose 0 = -2*c - 3*r - 23, -2*r - r = 3*c + 27. Calculate t(c).
-2
Let x(m) = 5*m**3 + 3*m**2 - m - 4. Let r(k) = -k**3 + k + 1. Let c(v) = 4*r(v) + x(v). Determine c(-2).
-2
Suppose 2*d + 2*z + 12 = 0, -22 = 4*d - 0*z + 3*z. Let b(c) be the third derivative of c**4/24 - c**3/3 + 11*c**2. Calculate b(d).
-6
Suppose -11*a - 25 = -6*a. Let c(d) = -d + 13. Let p(g) = 3*g - 26. Let k = 3 - 5. Let r(v) = a*c(v) + k*p(v). Calculate r(-6).
-7
Let o(n) = n**3 - 3*n**2 - 4*n + 1. Suppose -d + 2*d - 7 = 0. Let p = d + -3. What is o(p)?
1
Let h(m) = -m - 12. Let c be -2 - (-3 + -1) - 0. Suppose c*q + 2 = -14. What is h(q)?
-4
Let o(v) = 19*v**2 + 25*v - 14. Let s(b) = -7*b**2 - 8*b + 5. Let z(x) = -3*o(x) - 8*s(x). Calculate z(-11).
2
Suppose -25*d + 12 = -28*d. Let i(z) be the first derivative of z**4/4 + 2*z**3 + 7*z**2/2 + 5*z + 1. Calculate i(d).
9
Suppose 0*u + 21 = -3*u. Let y = -2 - u. Let p(h) = h**3 - 5*h**2 + 3*h - 4. Calculate p(y).
11
Let y be 3/12 - (2 - (-27)/12). Let u(l) = -3*l - 4. Give u(y).
8
Let r(l) = -l**2 - 9*l - 8. Let b(h) = -2*h**2 - 18*h - 17. Let p(z) = -3*b(z) + 5*r(z). Let j be p(-8). Let a(v) = v - 2. Give a(j).
1
Let f(l) be the third derivative of 0 + 4/3*l**3 + l**2 - 1/120*l**6 + 5/24*l**4 + 1/10*l**5 + 0*l. Calculate f(7).
-6
Suppose 1 = -c + 6. Let r(u) be the second derivative of -3*u - 1/12*u**4 - u**2 + 0 + u**3. What is r(c)?
3
Let b be (-4)/6*27/(-6). Let w be (-88)/(-32) + 9/(-12). Let m(a) = 0*a + 101 - a**w - 2*a + 4*a - 100. Give m(b).
-2
Let p be (5/(-3))/(3/(-9)). Suppose -2*b + h = -7, -2*b + 17 = b + p*h. Suppose -3*g + r + b = 0, -5 = 4*r - 25. Let q(z) = 3*z - 4. Determine q(g).
5
Let k(m) = 3*m + 4. Let s be 32/6 + (-2)/6. Let d = 7 - s. Suppose 0*x + d*x = -6. Give k(x).
-5
Let v(s) = 2*s**3 - s**2 + 4*s - 2. Let w(p) = p**3 - p**2 + 3*p - 2. Let o(m) = -2*v(m) + 3*w(m). Give o(-2).
0
Let z(a) = 0*a - a + a**3 -